nd 14.
2
Suppose 4*y + 4*r - 748 = 0, -5*y + 11*r = 12*r - 935. What is the highest common factor of 34 and y?
17
Let p = -99 - -103. Suppose 0 = o - 2*z + 4*z - 24, o - p*z - 30 = 0. What is the highest common factor of o and 52?
26
Suppose -499 + 2011 = 8*n. Suppose 10*h - 162 = 4*h. Calculate the highest common factor of n and h.
27
Suppose 45 + 141 = 3*k - 2*q, 207 = 3*k + 5*q. Calculate the highest common divisor of 4 and k.
4
Suppose 5*i - 155 = -5*m + 720, 2*i - 3*m - 325 = 0. What is the greatest common factor of i and 51?
17
Suppose 3*n + 6 = -b - 0*n, -5*b + 30 = -5*n. Let c be 1*b*(2 + 4). Calculate the highest common divisor of c and 72.
18
Let t = -386 - -410. Calculate the highest common divisor of t and 228.
12
Suppose -5*a - 97 = -2*n + 27, -4*a - 128 = -2*n. Calculate the greatest common factor of 396 and n.
36
Suppose 5*v + 3*l = 813, -14*v - 338 = -16*v + 2*l. Calculate the greatest common divisor of 45 and v.
15
Suppose 2*s + 3 = 5*s, -5*l = 3*s - 783. What is the greatest common factor of l and 12?
12
Let b = 5114 + 203. What is the highest common factor of b and 13?
13
Suppose -341 + 44 = -9*n. Suppose 2*z = -q + n, 0 = -5*q - 0*q + 5*z + 105. Calculate the greatest common divisor of q and 125.
25
Let g = -29 + 41. Let o = 6 - -42. Suppose 5*d - 7*d = -o. Calculate the highest common factor of g and d.
12
Suppose 7*k = -5*k + 120. What is the greatest common divisor of k and 70?
10
Let s be ((1 - 1) + 49)*2. Suppose 4*t - 10 = s. Calculate the highest common factor of t and 3.
3
Let u(h) = -h**2 - 17*h - 30. Let j be u(-15). Suppose -9*i + 6*i + 273 = j. What is the greatest common factor of i and 13?
13
Let a = 149 - 146. Calculate the greatest common divisor of a and 57.
3
Let i = 5490 - 2722. Calculate the highest common divisor of 16 and i.
16
Let n = 379 - 250. Let c be (-1653)/(-38) - 1/2. What is the highest common factor of c and n?
43
Let k(t) be the first derivative of 5*t**3/3 + t**2/2 - t + 1. Let r be k(1). Let w be (-160)/6*(-6)/r. What is the highest common divisor of 16 and w?
16
Suppose c - 5*n - 1208 = 0, 5*n - n = -3*c + 3548. Calculate the highest common factor of 88 and c.
44
Let b(y) = 20*y**2 + 4*y - 32. Let a(t) = -7*t**2 - t + 11. Let d(q) = -7*a(q) - 2*b(q). Let i be d(-4). What is the greatest common divisor of i and 15?
15
Let h be ((-2)/(-5))/((-16)/(-160)). Suppose 0 = -h*z + 29 + 3. Suppose 5*c = 3*j - z, 3*j + 2*j + 3*c = 36. What is the highest common factor of 6 and j?
6
Let y = 8 - -19. Suppose -f + y = -18. Calculate the highest common factor of f and 30.
15
Suppose 3 - 13 = -2*p. Suppose -5*v + 5*j = -20, -p*v - 4*j + 26 = -3*j. Suppose 4 = -s + 54. What is the greatest common factor of v and s?
5
Let l(g) = 14*g + 149. Let d be l(10). Calculate the greatest common divisor of 34 and d.
17
Let o be (368/(-10) + 0)/(7/(-140)). What is the highest common divisor of o and 92?
92
Let k = 589 - 83. Calculate the greatest common factor of 22 and k.
22
Let a(u) = 40 - 40 + 3*u**3 + 2*u + 2*u**2. Let n be a(2). What is the highest common divisor of n and 90?
18
Let i be (2 - (2 - 2))*5. Suppose 4*y - 12 - 28 = 4*x, -5*x = y + 20. Suppose 15 = q - y. What is the highest common divisor of q and i?
10
Suppose -4*j + k = -107, -10*k + 104 = 3*j - 6*k. What is the greatest common factor of 21 and j?
7
Let r be (-352)/24*(-3)/(-1). Let v = r - -156. What is the highest common divisor of v and 16?
16
Let g(k) = -k**2 + 12*k - 21. Let o be g(7). Let m(u) = 3*u**2 - 13*u + 10. Let a be m(8). What is the highest common factor of a and o?
14
Let p(j) = -55*j**3 - 2*j**2 + 4*j + 5. Let h be p(-1). Calculate the greatest common factor of 540 and h.
54
Let q(f) = 3*f**3 - f**2 - f + 1. Let h be q(-1). Let g(l) = -58*l + 1. Let z be g(h). What is the greatest common divisor of 78 and z?
39
Let s(f) = 7*f - 42. Let d(m) = m + 14. Let i be d(-6). Let t be s(i). What is the greatest common divisor of t and 63?
7
Suppose 407 - 7 = 4*q. Let c be ((-2)/5)/((-2)/q). Calculate the greatest common divisor of 140 and c.
20
Let h be 1 + -4 - (-67 + -51). Calculate the highest common factor of 5 and h.
5
Let w(d) = d**2 + 5*d - 6. Let f be w(-6). Suppose f = -5*p - 2*c + 51, 3*c = 2*p - 2*c - 32. What is the highest common divisor of 88 and p?
11
Let z(k) = k**2 - 4*k - 3. Let a be z(-4). Let i be 4/3 + (-257)/(-3). What is the highest common divisor of a and i?
29
Suppose 14909 - 5585 = 37*o. Let g = 30 + 6. What is the greatest common divisor of o and g?
36
Let o = -55 + 64. Let k be (-2)/(-6)*1*(o + 12). Calculate the greatest common divisor of k and 91.
7
Suppose 0 = 3*i + 5*m - 2134, 3*i - 4*m - 2117 = 26. Calculate the highest common factor of i and 23.
23
Let k = 115 + -208. Let n = -61 - k. What is the greatest common factor of 128 and n?
32
Suppose 5 - 13 = -4*g. Suppose -8 = -3*y - 2*c, -5*c + 1 = -g*y - 0. Suppose 93*o = 96*o - 6. What is the greatest common divisor of y and o?
2
Let w be (3 - (-84)/20)/((-6)/(-15)). What is the highest common divisor of 36 and w?
18
Suppose -n + 5*k - 12 = -43, -k - 35 = -2*n. Suppose 4*u + 172 = 4*i, -i = -0*i - 2*u - 46. What is the greatest common divisor of n and i?
8
Let g be (-4)/(-30) + ((-58)/(-15) - -11). Calculate the greatest common divisor of 360 and g.
15
Let c be (-1)/(((-2)/8)/1). Suppose c*n - 4*t - 40 = 0, -t - 10 - 6 = -2*n. Suppose 0 = 2*v - 4 - n. What is the greatest common factor of v and 25?
5
Let d be (8 - 3) + 0/(-3). Let g = 5 - d. Let o be 112/2 + (g - 1). What is the greatest common factor of o and 11?
11
Let z(b) = -b**3 + 11*b**2 - b + 16. Let h be z(11). Suppose 86 = h*v - 9. Calculate the greatest common divisor of 152 and v.
19
Let g(d) = -17*d + 44. Let f be g(1). What is the greatest common factor of 387 and f?
9
Let a = 4 + -2. Let b(o) = -o + 2. Let k be b(-4). Suppose a*j - k = -j, 2*u - 62 = -j. What is the highest common factor of u and 12?
6
Let r = -47 + 22. Let c be (-33)/(-15) - (-5)/r. Suppose 0 = 3*n - 0*n + 2*s - 251, 3*s = -c*n + 174. Calculate the greatest common divisor of 9 and n.
9
Suppose 244 = -2*r + 264. Calculate the highest common factor of r and 6.
2
Suppose 0 = 10*z - 102 - 558. Suppose 3*p - z = 36. Calculate the highest common divisor of p and 17.
17
Let w(n) = n**2 + n - 9. Let r be w(8). Suppose -7 = 51*s - 52*s. What is the highest common divisor of r and s?
7
Let q = 519 + -71. What is the highest common factor of 7 and q?
7
Suppose 0 = -5*a + 4*g + 754, -a - 2*g - 2*g = -146. Suppose 5*q - 6*k = -k + a, 4*k + 16 = 0. Let h = 39 - q. Calculate the highest common factor of h and 91.
13
Let u = 43 + -18. Let y be (80/25)/(2/5). Suppose -3*l = -y*l + 1375. What is the highest common divisor of u and l?
25
Suppose -590 = 5*w - 7*w + g, -2 = -g. Calculate the greatest common factor of w and 37.
37
Suppose 0*i + i = 30. Suppose -9*v + 88 = -19 - 28. Calculate the greatest common divisor of v and i.
15
Let w = -3 - -4. Let f be 0*(-1)/(w - -1). Suppose x + f - 6 = 0. Calculate the greatest common factor of x and 18.
6
Suppose -94*r - 192 = -98*r. Calculate the greatest common factor of r and 176.
16
Suppose 63*p - 2800 = 47*p. Calculate the greatest common divisor of 75 and p.
25
Let o(g) = 2*g**2 + 2*g + 4. Let v(d) = d**2 + 5*d + 4. Let f be v(-5). Let a be o(f). Calculate the greatest common factor of 11 and a.
11
Let m = -58 + 62. Suppose -m*v - 34 = -118. Calculate the greatest common divisor of 105 and v.
21
Suppose 1668 = 5*q - 5*a + 388, -3*q = 4*a - 740. Suppose -9*g + 280 = 28. Calculate the greatest common factor of q and g.
28
Suppose 4*g = -5*c - 187, 0*c + 73 = -2*c - g. Let a = -21 - c. Suppose 2*j - 56 = -0*j. What is the highest common divisor of a and j?
14
Let s be (4/(-9))/(-2) + (-49675)/(-225). Calculate the highest common factor of s and 26.
13
Let a(v) = -v + 1. Let j be a(-6). Suppose 3*y = -2*g + 113, -g = 4*g - y - 240. Suppose 16*o = 15*o + g. What is the greatest common divisor of o and j?
7
Let j = 8 + 1. Let d be (-3 - -4 - j/(-3)) + 15. Calculate the highest common factor of d and 247.
19
Let y(c) = 220*c + 213. Let h be y(3). Calculate the greatest common factor of h and 18.
9
Let m(h) = -14*h - 29. Let z be m(5). Let j = z - -100. What is the highest common divisor of 9 and j?
1
L